-2*m**3/3 - 2*m**2 - m. Let n be 5/(((-20)/4 + 4)*1). What is the tens digit of o(n)?
1
Suppose -3*t + 192 = -306. Suppose -2*b + 1 = 5*c + 7, 4*c - 2*b - 6 = 0. Suppose 0 = -3*q + 5*j + 178, -3*q - j = -c*j - t. What is the tens digit of q?
5
Suppose 609 = 6*a - 561. Suppose 3*w - z = -2, 3*z = -3*w + 7 - 1. Suppose w = 3*g + 2*g - a. What is the units digit of g?
9
Let j = 4809 + -2868. What is the tens digit of j?
4
Suppose 10 = 5*f - 5*g, f - 2*g = 3*f - 16. Suppose -f*i - 5*l + 270 = 0, 2*i - 3*i = -4*l - 74. What is the tens digit of i?
5
Let b(v) = -9*v**3 - 12*v**2 - 21*v - 9. What is the hundreds digit of b(-6)?
6
Let f be 1600/96 + 1/3. Suppose -f*h = -1440 - 3439. What is the units digit of h?
7
Let i be 14*(-3)/3 - 1. What is the units digit of 6/(-8)*1440/i?
2
Suppose 2*x + 68 = 5*t + 26, 22 = 3*t + 2*x. Suppose t*d - 4*d - 96 = 0. What is the units digit of d?
4
Let h = 0 - 2. Let b be 5 - (4/h - -3). What is the units digit of (-2)/b - (-11)/2?
5
Let h(x) = -4 + 11*x + 14*x - 3 + 17*x. What is the units digit of h(4)?
1
Let i(x) = 4*x - 28. Suppose 0 = -2*h - 4*m + 18, h - 9 = -m - 4*m. What is the units digit of i(h)?
8
Let r = 275 - -100. What is the units digit of r?
5
Let q be (-2)/(-5) + 12/(-5). Let f be 143 - (q - (2 + -4)). Suppose l - 2*l + 131 = 2*v, -5*l = 2*v - f. What is the tens digit of v?
6
Let c = -92 + 140. Suppose -q = -3*l + c, -5*l + 3*q + 9 = -75. What is the units digit of (-2 - 10)*l/(-20)?
9
Let c be 3/(-2) - (-65)/(-26). Let o = c + 70. What is the units digit of o?
6
Let h be (-1 + -3 + 3)*-7. Suppose 5*v + 4*x = h*v - 468, 1131 = 5*v + 3*x. What is the units digit of v?
8
Let p = 4481 - 1122. What is the thousands digit of p?
3
Suppose 0 = -0*j - j + 4, 0 = 4*v - 5*j + 8. Let b be (-53)/(-2)*1*2. Suppose 0 = -3*y + y + v*x + b, 5*y = 2*x + 127. What is the units digit of y?
5
Let y = 117 - 112. Suppose -y*i = -15, -2*n + 77 = 2*n - i. What is the tens digit of n?
2
Suppose -131*j + 124*j = -5509. What is the hundreds digit of j?
7
Suppose 0 = 21*l - 19*l. Suppose 5*q = 25, l*k + k + q - 174 = 0. What is the tens digit of k?
6
Let u = -359 - -920. What is the tens digit of u?
6
Let t be (3870/35)/((-6)/(-28)). Let g = -315 + t. What is the units digit of g?
1
Suppose -5*z = -4*w - 49, -2*w - 2*w - 79 = 5*z. Let u = w + 190. What is the hundreds digit of u?
1
What is the hundreds digit of (3 - -1179) + -2 + (-12)/4?
1
Suppose 1488 = 10*g - 4*g. What is the tens digit of g?
4
Let q be 8 + (-12)/(-6) + 4 + 0. Suppose -q*f + f = -2054. What is the hundreds digit of f?
1
Let s(m) = -45*m + 16. Let f = -17 - -15. What is the tens digit of s(f)?
0
Let t be (-6)/30*0 + -1. Suppose -2*h - 3 = h. What is the tens digit of h/(t*(-2)/(-34))?
1
What is the tens digit of (2 - 1)*(12 - -388)?
0
Let r = -35 + 13. Suppose -3*u - 5*q + 98 = -u, -5*u + 4*q = -311. Let m = u + r. What is the tens digit of m?
3
What is the tens digit of 10/(-8) - 95795/(-140)?
8
Suppose -3*h = -7*h - 196. Suppose 7 = -w - 5*a, -4*w - 76 = 3*a + a. Let u = w - h. What is the units digit of u?
7
Let d = -190 + 305. Let v = d + -89. What is the tens digit of v?
2
Let f(b) = b**2 - 2*b - 3. Let g be f(4). Suppose -3 = -g*a + 2*d + 24, 2*a + 5*d - 5 = 0. What is the tens digit of a*((-19)/(-5) - -2)?
2
Suppose 0 = b + b + 1722. Let o = 501 + b. What is the tens digit of (o/8)/((-6)/4)?
3
Let b(y) = -2*y**2 - y - 6. Let u(x) = x + 1. Let a(r) = -b(r) - u(r). Let j be (-11 + 11)/((-1)/(-1)) + -4. What is the units digit of a(j)?
7
Let f(q) = -3*q**2 + 3 + 5*q**2 - 4 - 5 + q**3. Let s be f(2). Let u = s + 54. What is the units digit of u?
4
Suppose 5*i = -13*c + 10*c + 20760, 0 = 2*i + 4*c - 8318. What is the thousands digit of i?
4
Let s(d) = d**3 + 23*d**2 + 45*d - 12. What is the units digit of s(-6)?
0
Let l(m) = 2*m + 20. Let j be l(0). Suppose 10*g = 8*g + j. What is the units digit of g?
0
What is the hundreds digit of ((-3)/(63/834))/((-5)/35)?
2
Let q = -12 - -13. Let b be (11 - q)/(7/35). Suppose -b = -3*r + r. What is the tens digit of r?
2
Let k be -8 + (-3 - -2)*-3. Let p(u) = u**3 + 6*u**2 + 8*u + 3. Let s be p(k). What is the units digit of ((-29)/3)/(s/36)?
9
Let d(w) = 5*w + 6*w**2 + 1 + 3 - 3*w - w**3. Let f be d(6). Suppose -1 = -x + 5*v, -5*v + v = -f. What is the units digit of x?
1
Let n = -188 - -330. What is the tens digit of n?
4
Let y = 135 + -113. Suppose 840 - 312 = y*u. What is the tens digit of u?
2
Let t(x) = -3 + 0 - 11 + 5*x + 3. What is the units digit of t(12)?
9
Let c(t) = 8*t**3 - 2*t**2 + 2*t - 2. Let w be c(1). Suppose 245 = w*g - 19. What is the tens digit of g?
4
Suppose 5*l - 2978 - 2497 = t, 3*l + 5*t - 3257 = 0. What is the tens digit of l?
9
Let b(s) be the third derivative of s**5/12 + s**4/24 + s**3/6 + 4*s**2. Let j(l) be the first derivative of b(l). What is the units digit of j(1)?
1
Let p be (-2)/3 - (-4 + 7096/(-24)). Suppose 4*s + p = 5*s - 3*i, -543 = -2*s - 5*i. What is the units digit of s?
4
Let g(b) = 6*b**2 - 10*b + 24. What is the units digit of g(8)?
8
Let q(p) be the third derivative of -p**4/24 - p**2. Let d be q(-5). Suppose -86 = -3*t - d. What is the tens digit of t?
2
Suppose 0 = 4*d - 445 - 123. Suppose 2*x + l = -d, 0 = -3*x - 2*l - 2*l - 208. What is the tens digit of 42/(-9)*x/28?
1
Let t(z) = -3*z - 7. Let l be t(-7). Let h = l + -14. What is the units digit of (-27)/(-12)*(h - -12)?
7
Let y = 26 - -90. Suppose -11*w = -7*w - y. What is the units digit of w?
9
Suppose 5*m + 25 = 0, 2*y + 10 = 7*y + 5*m. Let h = y - 5. What is the tens digit of h + -1 - 54/(-6)?
1
Let x(w) = -10*w + 12. Let y(z) = 5*z - 6. Let o(m) = -4*x(m) - 7*y(m). Let k be (-136)/(-32) - (-3)/4. What is the tens digit of o(k)?
1
Let n = 1744 - 991. What is the hundreds digit of n?
7
Suppose 4*a + 5 = -a, 5*a - 23 = -4*z. What is the tens digit of -1 - z/(7/(-51))?
5
Suppose x + x = 6. Let b(p) = -x*p + p - 7 + 9. What is the units digit of b(-12)?
6
Suppose 4*z - 76 = -2*u, 17*u - 3 = z + 12*u. What is the tens digit of z?
1
Let r(k) = -11*k + 24. Let p be r(2). Let h(w) = -2*w**2 + 7*w. Let u be h(5). What is the units digit of u/(-5) + p/(-2)?
2
Let i = 1937 + -1230. Suppose -2*c = 5*c - i. What is the tens digit of c?
0
Suppose 0 = -4*b + 2*b + 5*n + 531, 2*b - 3*n - 529 = 0. Suppose -7*d + 647 = -b. What is the hundreds digit of d?
1
Let h be 0 - -2 - ((2 - 1) + -4). Suppose -i - h*b - 29 = -120, 3*i = -2*b + 338. What is the tens digit of i?
1
Let o(t) be the first derivative of -t**4/4 + t**3/2 + 3*t**2 + 9. Let c(q) be the second derivative of o(q). What is the units digit of c(-4)?
7
Let v = 100 + -94. Let x(c) = 3*c**2 - 8*c - 12. What is the tens digit of x(v)?
4
Let h(s) = 0*s - 4*s**2 + 12*s**3 + 3 + 19*s - 13*s**3. What is the tens digit of h(-8)?
0
Suppose 3*g - 2*d - d = 465, -4*d = 3*g - 458. Suppose -2*s = -3*v + g, v = -0*v - 2*s + 62. What is the units digit of v?
4
Suppose 3*j = i - 190, j - 3*i + 59 = 1. Let v = -39 - j. What is the units digit of v?
5
Suppose 50*s - 18693 = 34757. What is the tens digit of s?
6
Suppose -4*r - 3*t = -1389, 0 = -4*r + 2*t + 2*t + 1396. What is the units digit of r?
8
What is the tens digit of 805/5 - -2*(-2)/(-2)?
6
Suppose 4 = -2*y, 2*t + 5*y - 1439 - 589 = 0. What is the hundreds digit of t?
0
What is the tens digit of (-4 - -36*(-21)/30)*-25?
3
Let p = -53 + 53. What is the tens digit of 109 - p*(-3)/(-12)?
0
Let b = 17628 + -12144. What is the units digit of b?
4
Suppose -3*j + 811 = -8*j + 2*x, 3*j - 2*x = -489. Let g = 3 - j. Suppose 5*b - 3*b - 79 = 3*l, -4*b + g = -4*l. What is the units digit of b?
4
Let z(p) = -p - 6*p - 2*p + 0*p - 5. What is the tens digit of z(-14)?
2
Let r(m) = -m - 1. Let c(p) = 5*p + 5. Let w(z) = 10*z + 10. Let q(y) = 10*c(y) - 4*w(y). Let x(n) = q(n) + 6*r(n). What is the tens digit of x(4)?
2
Suppose 4*a + 0*a = 12. Suppose -v + 6 = a. Suppose -5*r = 3*d - 35, -3*d - 20 = -v*r - 5*d. What is the tens digit of r?
1
Let x(k) = -22*k - 46. Let f(m) = 65*m + 136. Let j(w) = 6*f(w) + 17*x(w). What is the units digit of j(18)?
2
Let d(g) = g + 13. Let q be d(-7). Let o(m) = -m**3 + 7*m**2 + 7*m - 6. What is the tens digit of o(q)?
7
Suppose 2*p + 3*r = -130, r - 114 = -0*p + 2*p. Let l be 12 - 18 - 186/(-2). Let f = l +